 is 79 - -d1?
15a
In base 8, what is 2160 + -13?
2145
In base 13, what is 578466 - -2?
578468
In base 13, what is -999 + -20?
-9b9
In base 9, what is -327552 - -2?
-327550
In base 7, what is -6201 + -1615?
-11116
In base 3, what is 202 + -10102011122?
-10102010220
In base 3, what is 110021 + 222?
111020
In base 8, what is 5 + -55303?
-55276
In base 15, what is 777ba0 - -1?
777ba1
In base 8, what is -3416 + -150?
-3566
In base 12, what is -46 - -a3b?
9b5
In base 9, what is -35686 + -1?
-35687
In base 14, what is -3c - 1ca?
-228
In base 3, what is -201211 - 10212011?
-11120222
In base 12, what is 15688 - -3?
1568b
In base 11, what is -5 - 662533?
-662538
In base 5, what is 0 - 34204401?
-34204401
In base 8, what is -11 - -4673?
4662
In base 15, what is -2109 - -8?
-2101
In base 5, what is -1 + -302423000?
-302423001
In base 11, what is 3521 + -42?
348a
In base 15, what is -409522 - 2?
-409524
In base 6, what is 212010 + 23?
212033
In base 10, what is -7 + 6565?
6558
In base 6, what is -5 + 232144?
232135
In base 11, what is -50 + 871?
821
In base 14, what is -46 + 5258?
5212
In base 16, what is -76f6c + 5?
-76f67
In base 14, what is -952 + 43?
-90d
In base 4, what is 111212212121 - -10?
111212212131
In base 13, what is 1a8 - 151?
57
In base 11, what is -20772a - 4?
-207733
In base 9, what is 1062 - -44?
1116
In base 12, what is -10 + 1271?
1261
In base 2, what is 10101 - -100100100110?
100100111011
In base 8, what is -2745536 - -6?
-2745530
In base 2, what is -10111111 + -100100000110?
-100111000101
In base 8, what is -52 - -350444?
350372
In base 9, what is -5 - 126530?
-126535
In base 5, what is -31003 - 4?
-31012
In base 8, what is -106 - -2702?
2574
In base 14, what is -14d91c1 - 4?
-14d91c5
In base 13, what is -5 + -abb5?
-abba
In base 6, what is -1225 + -20523?
-22152
In base 7, what is 1 - -1230366?
1230400
In base 5, what is -2 - 3302240?
-3302242
In base 14, what is -a - 86b?
-877
In base 12, what is -6872 + -5?
-6877
In base 13, what is -276ca5 - -2?
-276ca3
In base 6, what is -221552210 - 4?
-221552214
In base 3, what is 202221010101 + 1?
202221010102
In base 15, what is -5d + 16a4?
1646
In base 15, what is 131054 - -5?
131059
In base 14, what is 3 - 2a0b?
-2a08
In base 13, what is 114a7 - 25?
11482
In base 5, what is -24204020 + -1?
-24204021
In base 3, what is -110 - -1021002021?
1021001211
In base 12, what is -461a + 0?
-461a
In base 12, what is -3216 + 3?
-3213
In base 11, what is 375 - -38?
402
In base 3, what is 1120102 + -1021?
1112011
In base 13, what is 2 - b7b?
-b79
In base 6, what is -1235 + 233?
-1002
In base 13, what is 3a6 - -46b?
844
In base 8, what is -2451 - 360?
-3031
In base 5, what is -220 - 34142?
-34412
In base 7, what is -1 + -20260?
-20261
In base 6, what is -3 + 1030210?
1030203
In base 5, what is 1400343 - -1011?
1401404
In base 12, what is -3 + 361?
35a
In base 14, what is 149 - -b3?
21c
In base 2, what is 11011 - 10010011101?
-10010000010
In base 9, what is 2016 + -1076?
830
In base 7, what is -5 + -15444210?
-15444215
In base 4, what is 2223133 + 233?
2230032
In base 15, what is 22d + 2b?
259
In base 9, what is -237 + -147?
-385
In base 6, what is -21403 + -232?
-22035
In base 7, what is 2 - 105224?
-105222
In base 2, what is 0 + 1000000111110010100?
1000000111110010100
In base 12, what is -1 - -1b06b?
1b06a
In base 4, what is 210 + -100311033?
-100310223
In base 13, what is 1bb + 1c60?
214b
In base 8, what is -61344 - 4?
-61350
In base 4, what is -2002100 + 301?
-2001133
In base 16, what is 1a - 5fe?
-5e4
In base 12, what is -115a78 - 3?
-115a7b
In base 5, what is 2 - 12311102?
-12311100
In base 13, what is 5a1b + 33?
5a51
In base 2, what is -110100 + 11010101100011?
11010100101111
In base 16, what is -60 - -156f?
150f
In base 11, what is 5 - 4a25?
-4a20
In base 10, what is -91519 + 1?
-91518
In base 15, what is -b7a4 - -9?
-b79a
In base 16, what is -acb + -aa?
-b75
In base 14, what is 8 + 84db?
8505
In base 14, what is 32 + -dac?
-d7a
In base 14, what is 162d8 - -29?
16323
In base 15, what is -16c97 + -6?
-16c9d
In base 5, what is 31033 - 1400?
24133
In base 13, what is 4 + -3b04?
-3b00
In base 6, what is 1013 - 5320?
-4303
In base 11, what is 3 - 27a545?
-27a542
In base 4, what is -30 - -32213?
32123
In base 3, what is 222201 + -1020?
221111
In base 7, what is 625 - 34114?
-33156
In base 11, what is 222597 - -4?
2225a0
In base 6, what is 10003 - 113?
5450
In base 9, what is 5 - 8578?
-8573
In base 13, what is -b + 237b?
2370
In base 6, what is -40330 - 14?
-40344
In base 2, what is 100 - -10001110001101111?
10001110001110011
In base 5, what is 213113111 + -1?
213113110
In base 2, what is 101101 + -10110111101001?
-10110110111100
In base 13, what is -26b + b?
-260
In base 2, what is 1000000 - -1000100001?
1001100001
In base 10, what is 29 + -98?
-69
In base 2, what is -1011001 + -11001100?
-100100101
In base 8, what is -50 + -4435?
-4505
In base 11, what is 3283a + 0?
3283a
In base 14, what is d15d92 - 1?
d15d91
In base 7, what is 20451 + -20?
20431
In base 7, what is -22040 - -105?
-21632
In base 16, what is -ffb - -19?
-fe2
In base 3, what is 11 - -2100212101112?
2100212101200
In base 9, what is -27506 - 5?
-27512
In base 16, what is -7625 - -9?
-761c
In base 7, what is -6651324 - -6?
-6651315
In base 16, what is -671 - -ee?
-583
In base 15, what is -7db + -bb?
-8a7
In base 7, what is -366 - -31453?
31054
In base 3, what is -2022121 - 20102?
-2120000
In base 10, what is 28 + 26889?
26917
In base 13, what is -7 - -1488?
1481
In base 10, what is -4562596 + 0?
-4562596
In base 11, what is -332 + -251?
-583
In base 2, what is -1101101010 - 1001000?
-1110110010
In base 2, what is -1 + 10100100111100?
10100100111011
In base 3, what is 112102 - -10120210?
11010012
In base 6, what is -13 - 132500?
-132513
In base 8, what is 152526 + -10?
152516
In base 7, what is 1454513 - 3?
1454510
In base 14, what is -7 - 64744?
-6474b
In base 11, what is a6a36 + 2?
a6a38
In base 9, what is -67 - -323?
245
In base 13, what is 7ca - 1c6?
604
In base 2, what is 111110110 + -11100?
111011010
In base 3, what is -10100011221 - 20?
-10100012011
In base 10, what is 0 - -5146?
5146
In base 6, what is 1253 - 5?
1244
In base 9, what is 627 + -280?
337
In base 15, what is -1e978 + 0?
-1e978
In base 9, what is -6 + 1123633?
1123626
In base 6, what is 12 - -53025?
53041
In base 14, what is 22 - -63c?
660
In base 5, what is -10 - 1301?
-1311
In base 12, what is -3 + -292a3b?
-292a42
In base 12, what is 12 + -7925?
-7913
In base 14, what is -2 + -7709?
-770b
In base 7, what is 0 - -653003?
653003
In base 11, what is 2 + 542840?
542842
In base 12, what is 3b3 + -940?
-549
In base 8, what is 25 - 223330?
-223303
In base 4, what is 23 - -201100?
201123
In base 7, what is 2351540 + 5?
2351545
In base 2, what is -10101010000111 - -11011001?
-10100110101110
In base 12, what is 182b - 66?
1785
In base 7, what is -53 - -340?
254
In base 2, what is 100 - 10101001001110010?
-10101001001101110
In base 15, what is -52 - 73e6?
-7448
In base 4, what is -10122330 - -2?
-10122322
In base 9, what is -31572 - 13?
-31585
In base 16, what is 147 - -389c?
39e3
In base 12, what is -481b1 + -3?
-481b4
In base 2, what is 1101101010 + -100001?
1101001001
In base 3, what is 20 - 21010121120?
-21010121100
In base 14, what is b - -1765?
1772
In base 13, what is a3 + 470?
543
In base 9, what is 6868 + 2?
6871
In base 13, what is -1845 - 2?
-1847
In base 6, what is -1 - -3333454?
3333453
In base 5, what is -2314220444 - -1?
-2314220443
In base 16, what is 4 + 51af?
51b3
In base 14, what is -3c - -579?
53b
In base 10, what is 1 + -541032?
-541031
In base 8, what is -11 - 456057?
-456070
In base 4, what is 10 - -2001222221?
2001222231
In base 8, what is -17665 - -42?
-17623
In base 6, what is -100044 - 1?
-100045
In base 13, what is 32c0a + 2?
32c0c
In base 2, what is -1 - 1000001101100001111010?
-1000001101100001111011
In base 15, what is -c8ac + 6?
-c8a6
In base 11, what is 9383 + 1?
9384
In base 6, what is 1101 + -1051?
10
In base 2, what is 10 - -111010100001110110?
111010100001111000
In base 4, what is -1 + -10012033?
-10012100
In base 4, what is 3 - -320122220?
320122223
In base 9, what is 12552 - -24?
12576
In base 13, what is -bb + 1311?
1223
In base 2, wha